culate the remainder when 1465820 is divided by 348.
44
What is the remainder when 2530682 is divided by 2727?
26
What is the remainder when 171366 is divided by 944?
502
Calculate the remainder when 80036896 is divided by 244.
16
What is the remainder when 13772436 is divided by 358?
176
What is the remainder when 293686 is divided by 261?
61
What is the remainder when 1305606118 is divided by 68?
66
What is the remainder when 1684577 is divided by 561442?
251
What is the remainder when 32414374 is divided by 100?
74
Calculate the remainder when 372132 is divided by 4327.
10
What is the remainder when 2125585 is divided by 167?
9
Calculate the remainder when 1276517 is divided by 830.
807
What is the remainder when 26625 is divided by 8359?
1548
What is the remainder when 4173486 is divided by 173895?
6
Calculate the remainder when 11033171 is divided by 11902.
17
What is the remainder when 10856 is divided by 5366?
124
Calculate the remainder when 2541001 is divided by 1871.
183
Calculate the remainder when 14990 is divided by 14490.
500
Calculate the remainder when 93872 is divided by 3603.
194
Calculate the remainder when 679510 is divided by 425.
360
What is the remainder when 6648391 is divided by 164?
159
What is the remainder when 1411894 is divided by 1117?
6
What is the remainder when 17948 is divided by 2856?
812
What is the remainder when 209752 is divided by 38?
30
Calculate the remainder when 1248068 is divided by 1248030.
38
Calculate the remainder when 9246994 is divided by 113.
91
Calculate the remainder when 163279 is divided by 562.
299
Calculate the remainder when 15018 is divided by 3643.
446
Calculate the remainder when 15677397 is divided by 17615.
47
Calculate the remainder when 497232 is divided by 310.
302
Calculate the remainder when 45191 is divided by 5010.
101
Calculate the remainder when 15565919 is divided by 1234.
243
What is the remainder when 8179812 is divided by 10012?
8
Calculate the remainder when 235726527 is divided by 30.
27
What is the remainder when 79013904 is divided by 8909?
8892
Calculate the remainder when 1045294 is divided by 522400.
494
Calculate the remainder when 505877 is divided by 252929.
19
What is the remainder when 310294 is divided by 15426?
1774
What is the remainder when 46044532 is divided by 192?
52
Calculate the remainder when 116131 is divided by 2754.
463
Calculate the remainder when 7603174 is divided by 475198.
6
What is the remainder when 706498 is divided by 375?
373
Calculate the remainder when 9236907 is divided by 543346.
25
What is the remainder when 1448284 is divided by 161?
89
Calculate the remainder when 292991 is divided by 55092.
17531
What is the remainder when 128358 is divided by 153?
144
Calculate the remainder when 1539495 is divided by 64.
39
What is the remainder when 30866 is divided by 1621?
67
What is the remainder when 1633216 is divided by 8166?
16
What is the remainder when 300368 is divided by 187?
46
Calculate the remainder when 98592 is divided by 8204.
144
What is the remainder when 585011 is divided by 97225?
1661
What is the remainder when 6305101 is divided by 2101687?
40
Calculate the remainder when 18971840 is divided by 1452.
8
Calculate the remainder when 130463 is divided by 932.
915
Calculate the remainder when 186244560 is divided by 44.
40
Calculate the remainder when 146912922 is divided by 335.
12
Calculate the remainder when 2189155 is divided by 2107.
2089
Calculate the remainder when 11110 is divided by 899.
322
Calculate the remainder when 507325718 is divided by 10.
8
What is the remainder when 527846 is divided by 175169?
2339
What is the remainder when 146128 is divided by 583?
378
What is the remainder when 71563 is divided by 14112?
1003
What is the remainder when 110603 is divided by 5077?
3986
Calculate the remainder when 70287679 is divided by 23429218.
25
What is the remainder when 12210351 is divided by 968?
967
Calculate the remainder when 4375493 is divided by 543.
542
What is the remainder when 648128 is divided by 11999?
182
What is the remainder when 165956 is divided by 117?
50
Calculate the remainder when 2606753 is divided by 53.
1
What is the remainder when 8457796 is divided by 2339?
2311
Calculate the remainder when 1143242 is divided by 362.
46
What is the remainder when 139001522 is divided by 168?
2
What is the remainder when 18938571 is divided by 232?
179
What is the remainder when 2419757 is divided by 33?
32
Calculate the remainder when 601091231 is divided by 1484.
1483
Calculate the remainder when 26578075 is divided by 4662.
13
Calculate the remainder when 1409238 is divided by 128098.
160
Calculate the remainder when 58066 is divided by 2235.
2191
What is the remainder when 1793782 is divided by 49819?
298
What is the remainder when 355188639 is divided by 71?
63
Calculate the remainder when 278576 is divided by 3869.
8
What is the remainder when 6483 is divided by 194?
81
Calculate the remainder when 726494 is divided by 145298.
4
What is the remainder when 69922431 is divided by 346?
329
What is the remainder when 1778498 is divided by 3407?
44
What is the remainder when 3788088 is divided by 450?
438
Calculate the remainder when 498627 is divided by 1467.
1314
Calculate the remainder when 1662624 is divided by 2922.
6
Calculate the remainder when 141232298 is divided by 7.
4
What is the remainder when 1895043 is divided by 9870?
3
What is the remainder when 3573283 is divided by 899?
657
What is the remainder when 9742999 is divided by 555?
529
What is the remainder when 4719887 is divided by 620?
447
Calculate the remainder when 14912 is divided by 265.
72
Calculate the remainder when 362541909 is divided by 305.
304
Calculate the remainder when 296636 is divided by 2941.
2536
Calculate the remainder when 6512219 is divided by 913.
703
What is the remainder when 92634305 is divided by 4793?
4787
Calculate the remainder when 88507 is divided by 3057.
2911
Calculate the remainder when 1155586 is divided by 4328.
10
Calculate the remainder when 226449913 is divided by 74.
71
Calculate the remainder when 135853 is divided by 67858.
137
Calculate the remainder when 23572118 is divided by 17.
3
What is the remainder when 78635 is divided by 78624?
11
What is the remainder when 63657 is divided by 563?
38
Calculate the remainder when 19395857 is divided by 1491988.
13
Calculate the remainder when 3306492 is divided by 472341.
105
What is the remainder when 33560639 is divided by 1376?
1375
What is the remainder when 3404681 is divided by 47?
1
Calculate the remainder when 753878 is divided by 8194.
30
Calculate the remainder when 1139373 is divided by 625.
623
Calculate the remainder when 226310 is divided by 1272.
1166
Calculate the remainder when 221366 is divided by 271.
230
What is the remainder when 27556369 is divided by 96689?
4
Calculate the remainder when 44128447 is divided by 191032.
55
Calculate the remainder when 39448394 is divided by 9.
8
What is the remainder when 104576 is divided by 20590?
1626
Calculate the remainder when 1592488 is divided by 199051.
80
What is the remainder when 3597142 is divided by 1199047?
1
Calculate the remainder when 91253 is divided by 29771.
1940
Calculate the remainder when 1417305 is divided by 459.
372
Calculate the remainder when 118897 is divided by 6983.
186
Calculate the remainder when 1375831 is divided by 412.
163
Calculate the remainder when 6297171 is divided by 18.
15
What is the remainder when 18569 is divided by 8690?
1189
Calculate the remainder when 1721604 is divided by 3464.
3460
Calculate the remainder when 30721551 is divided by 518.
7
Calculate the remainder when 97831198 is divided by 719347.
6
What is the remainder when 682977589 is divided by 897?
892
What is the remainder when 1861640 is divided by 7?
4
What is the remainder when 615728457 is divided by 20?
17
Calculate the remainder when 35112 is divided by 1360.
1112
Calculate the remainder when 348291437 is divided by 479.
478
Calculate the remainder when 11439 is divided by 440.
439
Calculate the remainder when 15435 is divided by 223.
48
Calculate the remainder when 609 is divided by 198.
15
What is the remainder when 313807 is divided by 15690?
7
What is the remainder wh